{"id":61,"date":"2015-03-10T14:12:08","date_gmt":"2015-03-10T14:12:08","guid":{"rendered":"https:\/\/www.windkraftfreier-idarwald.de\/?page_id=61"},"modified":"2015-04-13T18:23:36","modified_gmt":"2015-04-13T18:23:36","slug":"weitere-informationen","status":"publish","type":"page","link":"https:\/\/www.windkraftfreier-idarwald.de\/?page_id=61","title":{"rendered":"Links"},"content":{"rendered":"<p>Der folgende Link zu Youtube verweist auf eine Aufnahme der B\u00fcrgerinitiative Pro-Pf\u00e4lzerwald, die gemachten Aufnahmen im Hunsr\u00fcck sind aber sehr aufschlussreich. Vor allem die Tonaufnahmen sind erschreckend.<\/p>\n<p><a title=\"Spaziergang im Hunsr\u00fcck\" href=\"https:\/\/www.youtube.com\/watch?v=nc9JDBsX7qs\" target=\"_blank\">&gt;&gt; Spaziergang im Hunsr\u00fcck .<\/a><\/p>\n<p>&nbsp;<\/p>\n<p>Die folgenden Links verweisen auf Seiten verwandter B\u00fcrgerinitiativen:<\/p>\n<p><a title=\"https:\/\/www.energie-mensch-natur.de\/\" href=\"https:\/\/www.energie-mensch-natur.de\/\" target=\"_blank\">https:\/\/www.energie-mensch-natur.de\/<\/a><\/p>\n<p>&nbsp;<\/p>\n<p>&nbsp;<\/p>\n","protected":false},"excerpt":{"rendered":"<p>Der folgende Link zu Youtube verweist auf eine Aufnahme der B\u00fcrgerinitiative Pro-Pf\u00e4lzerwald, die gemachten Aufnahmen im Hunsr\u00fcck sind aber sehr aufschlussreich. Vor allem die Tonaufnahmen sind erschreckend. &gt;&gt; Spaziergang im Hunsr\u00fcck . &nbsp; Die folgenden Links verweisen auf Seiten verwandter &hellip; <a href=\"https:\/\/www.windkraftfreier-idarwald.de\/?page_id=61\">Weiter<\/a><\/p>\n","protected":false},"author":1,"featured_media":0,"parent":0,"menu_order":0,"comment_status":"open","ping_status":"open","template":"","meta":{"kt_blocks_editor_width":"","ngg_post_thumbnail":0},"_links":{"self":[{"href":"https:\/\/www.windkraftfreier-idarwald.de\/index.php?rest_route=\/wp\/v2\/pages\/61"}],"collection":[{"href":"https:\/\/www.windkraftfreier-idarwald.de\/index.php?rest_route=\/wp\/v2\/pages"}],"about":[{"href":"https:\/\/www.windkraftfreier-idarwald.de\/index.php?rest_route=\/wp\/v2\/types\/page"}],"author":[{"embeddable":true,"href":"https:\/\/www.windkraftfreier-idarwald.de\/index.php?rest_route=\/wp\/v2\/users\/1"}],"replies":[{"embeddable":true,"href":"https:\/\/www.windkraftfreier-idarwald.de\/index.php?rest_route=%2Fwp%2Fv2%2Fcomments&post=61"}],"version-history":[{"count":6,"href":"https:\/\/www.windkraftfreier-idarwald.de\/index.php?rest_route=\/wp\/v2\/pages\/61\/revisions"}],"predecessor-version":[{"id":93,"href":"https:\/\/www.windkraftfreier-idarwald.de\/index.php?rest_route=\/wp\/v2\/pages\/61\/revisions\/93"}],"wp:attachment":[{"href":"https:\/\/www.windkraftfreier-idarwald.de\/index.php?rest_route=%2Fwp%2Fv2%2Fmedia&parent=61"}],"curies":[{"name":"wp","href":"https:\/\/api.w.org\/{rel}","templated":true}]}}